*3/6 + w**2 - 9*w. Determine r(-2).
0
Let z = -27 + 19. Let c(y) = 9*y**2 + 4*y - 11 + y**3 - 3*y + 5*y. Let p be c(z). Let v(j) = -j**3 + 6*j**2 - 7*j + 4. Calculate v(p).
-6
Suppose 0 = v + 2*y + 6, -5*y + 14 = -4*v + 42. Let k be v/(4/(-18)*-3). Let l(u) = 2 - u**2 + 2*u + k*u**2 - 3*u + 0*u**2. Calculate l(2).
8
Let d be -3 - (-28)/16*2. Let u(q) be the second derivative of d*q**3 + 0 + 0*q**2 - 1/4*q**4 - q. What is u(2)?
-6
Suppose -2*i = 3*i - c - 15, -18 = i + 4*c. Let m be (i/(-6))/(7/(-21)). Let g(d) = 6*d**3 + d**2 - 2*d + 1. Calculate g(m).
6
Let d(a) = a + 11. Let b(g) = -g - 1. Let v be b(-1). Calculate d(v).
11
Let f be (-2)/2 + -5 + 11. Suppose f*z - 8 = 7. Let b(d) = -d**3 - d**2 + 1 + z + 4*d - 7. Determine b(2).
-7
Let f(s) = s + 5 + 3 - 14 + 12. Determine f(-7).
-1
Let n(y) = -6*y**2 - 2 - 2 - 2*y + y**3 + y**2 + y**2. Suppose 1 = f - 3. Determine n(f).
-12
Let v(q) = -q + 2. Suppose 4*p - 46 = 3*x, 8*p - 3*p - 3*x - 56 = 0. Let r = 4 - -3. Let d = p - r. What is v(d)?
-1
Let t(z) be the second derivative of -z**5/20 + z**4/3 + 5*z**3/6 - 5*z**2/2 + 12*z. Give t(4).
15
Let g(k) be the first derivative of 0*k + 1 - 5/2*k**2. Calculate g(1).
-5
Let v(m) = -2*m - 5. Let s be (-5)/(1/2*2). Calculate v(s).
5
Suppose 12 = -4*f, 5*f + 25 + 5 = -3*j. Let s(g) = -3*g + 2. Give s(j).
17
Let a(g) = g**3 + 6*g**2 - 2*g - 5. Let v = 5 + -2. Suppose -4*n + v*n = -4. Suppose -n*z + 10 = -5*c, 4*z + 25 = -2*c - 7. What is a(c)?
7
Suppose -7 = 4*b - 3*r, -b - 11 = b - 3*r. Suppose 3*l = -b*l. Let j(a) = 3*a + 6. Let s(f) = f. Let c(p) = -j(p) + 4*s(p). Determine c(l).
-6
Let c(w) be the first derivative of -w**4/4 + w**3/3 + w**2/2 - 6*w - 2. Let t(b) = b**3 + 0*b**2 + 6*b**2 + 7 - 2*b**3 + 6*b. Let r be t(7). Determine c(r).
-6
Let l(g) be the third derivative of -g**6/120 + g**5/12 - g**4/8 + g**3/3 + g**2. Let m(r) = r**2. Let y be m(-2). Give l(y).
6
Suppose 39 = 3*j - 3. Let k(a) = -5 + 4 + 13*a - j*a. What is k(3)?
-4
Let b(r) = -r**3 + 5*r**2 + 6*r - 5. Let p = 39 - 33. Calculate b(p).
-5
Suppose 1 = -k - h + 3*h, 2*k - 5*h = -5. Suppose 55 = -5*x + 5*n, 3*x + k*n - 12 = -5. Let p(i) = -i - 9. Calculate p(x).
-3
Let j(g) = g**3 - 4*g**2 + g + 5. Let w be 4/10 + 496/10. Let k be 1/(-6) - w/(-12). Give j(k).
9
Let a(t) be the third derivative of t**5/60 + t**4/4 + t**3/6 + 5*t**2. Let f(s) = -s**2 - s. Let i be f(0). Let d = -3 + i. Give a(d).
-8
Let c(k) be the first derivative of -4 + 2*k**4 + 0*k + 1/2*k**2 + 1/3*k**3. Calculate c(-1).
-8
Let g(s) = -s + 5. Let c be g(8). Let j(q) be the second derivative of 2*q**2 + 5/6*q**3 + q + 1/12*q**4 + 0. Give j(c).
-2
Let j(c) = c**3 + c**2 + c + 6. Let x be j(0). Suppose -x = 4*t - t. Let a(u) be the first derivative of -2*u**2 + u + 1. Determine a(t).
9
Let i(m) = m**3 - 8*m**2 + 6*m + 3. Let p be i(7). Let b(u) = -6 + 0 - 5*u - 2*u**2 + u**2. Calculate b(p).
-2
Suppose 3*l = -0*l + 15. Let o(s) = -5*s - 2*s**2 + 5 - 2*s**2 + s**3 - 8. Determine o(l).
-3
Let x(i) = 2*i. Suppose 3 = -2*w + l, 0*w + 4*l - 25 = -5*w. Determine x(w).
2
Let c = 1 + -2. Let x = c - -1. Let g(h) = -h**3 + h**2 + h + 3. Give g(x).
3
Suppose a = -u - 2*u + 14, 0 = u + 5*a. Let w(b) = -b**3 + 4*b**2 + 8*b - 4. Give w(u).
11
Let w be (-1 - -2) + 2/(-2). Let c(d) = -2*d + 0*d - 12 + d + w*d. Give c(-6).
-6
Let z be 0 + 1*(-7 + 1). Let p(k) = 7*k**2 - 3 + 7*k**2 - 15*k**2 - 8*k. What is p(z)?
9
Let p be (-1 + 5)*(-2)/(-4). Let x(h) = -h**3 - 4 + 3*h**3 + h**2 - 4*h - 6*h**3. Let n(u) = -3*u**3 - 3*u - 3. Let s(c) = 5*n(c) - 4*x(c). Give s(p).
-5
Suppose 2*b - c = 2 + 7, 4*c = -20. Let u(z) = 0*z - 1 + 0*z + z**b. Let l(d) = -d**3 - 6*d**2 + 15*d - 6. Let p be l(-8). Give u(p).
3
Let q(p) = -p - 9. Let g be ((-5)/(-3))/(12/(-36)). Let x be q(g). Let b(l) = -l**2 - 4*l - 1. What is b(x)?
-1
Let t(a) = 2*a**2 - 4*a + 3. Suppose m - 6*m - 25 = -4*l, 2*m + 2 = 0. Let j = l - 3. Calculate t(j).
3
Let m(g) = -g**2 - 5*g + 5. Suppose 4*u - 10*u - 36 = 0. What is m(u)?
-1
Let y(n) = -n**3 - 2*n**2 - n + 2. Let o be y(-2). Let d(r) = -o - r - 3 + 2. Calculate d(-3).
-2
Let s = 10 - 15. Let o be (-4)/(-14) - 264/(-56). Let q(v) = 4 - o - v**2 + 4*v + 0*v**2 + 2*v**2. Give q(s).
4
Let u(s) = 7*s + 12 - 8 + s**2 - 9. Give u(-8).
3
Let g(h) be the third derivative of -h**8/6720 - h**7/504 - h**6/720 - h**5/40 + h**4/24 - 3*h**2. Let i(s) be the second derivative of g(s). Determine i(-5).
2
Let v = 143 + -151. Let u(t) = t**3 + 7*t**2 - 7*t + 6. Calculate u(v).
-2
Let h(s) be the second derivative of 11*s**3/6 - s**2/2 - 17*s. Give h(1).
10
Let x(b) = b. Let n(u) = -4*u. Let w(i) = -5*n(i) - 16*x(i). Let z be (((-2)/(-1))/(-1))/(-1). Calculate w(z).
8
Let s(v) = -4*v**2 + 4*v**2 - 2*v**2 + 8*v - 6. Determine s(5).
-16
Let v(j) = j**3 - 5*j**2 - 3*j + 7. Let f be 0*(-2 + (-9)/(-6)). Let i(c) = c**3 + c + 6. Let u be i(f). Let q = -1 + u. Determine v(q).
-8
Let z(i) = -i + 3. Let j be ((-55)/(-44))/(1/4). Calculate z(j).
-2
Let o(i) = i**2 + 12. Let l be (0/(-10))/((-3)/3). Determine o(l).
12
Suppose -5*h + 2 = 3*p + 4, -3*h = -3*p - 18. Let z(u) = -u**2. Let j(y) = -y**3 - 5*y**2 + 2. Suppose -2*k + 1 + 1 = 0. Let n(i) = k*z(i) - j(i). What is n(p)?
-2
Let q(k) = k**2 + 5*k + 5. Suppose 0 = 3*w + 2*u + u + 27, 12 = -3*u. What is q(w)?
5
Let v(f) = f**2 - 11*f + 20. Let n be v(9). Let y(h) be the second derivative of 0 + 1/6*h**3 - h - 3/2*h**n. Calculate y(5).
2
Let j(y) = y**3 + 11*y**2 + 11*y + 5. Let p(w) = -3*w**3 - 32*w**2 - 32*w - 14. Let t be 34/4*(6 - 8). Let i(c) = t*j(c) - 6*p(c). What is i(-4)?
-5
Let k = -35 - -34. Let t(s) = -2*s**3 + 2*s**2 + s. Give t(k).
3
Let q(u) = -u**3 + 5*u**2 - 3*u + 4. Let c = -9 + 13. Determine q(c).
8
Let d = -162 - -155. Let n(s) = s**3 + 6*s**2 - 8*s - 7. Give n(d).
0
Let u(i) = 18*i**3 + 7*i**2 + 3*i - 7. Let m(p) = 6*p**3 + 2*p**2 + p - 2. Let c(y) = -7*m(y) + 2*u(y). Calculate c(-1).
7
Let o(b) = -2*b + 1. Let k(y) = -y**2 - 10*y + 14. Let d be k(-11). Give o(d).
-5
Let s be 3/2*(-16)/(-12). Let v be s + 0/(-3) + -2. Let w(b) = v*b**2 + b - 2*b + 3*b**2. Give w(-1).
4
Let r be -2 + 84/80 - -1. Let k(j) be the second derivative of -1/6*j**4 + 0 + r*j**5 - 1/3*j**3 + 0*j**2 + j. What is k(2)?
-4
Let h(o) be the second derivative of o**4/12 - o**3/2 + 2*o**2 - o. Suppose 0 = -b + 2*b - 2. Suppose 2*u = -2, -6*m + 5*u = -b*m - 17. What is h(m)?
4
Let d(p) = -3*p - 4. Let s(y) = -3*y - 4. Let n(o) = -3*d(o) + 2*s(o). Give n(6).
22
Let s = -13 - -16. Let g(t) = 2*t - 2. Give g(s).
4
Let h(s) = 13*s**3 + 12*s**2 + 21*s + 9. Let w(a) = -7*a**3 - 6*a**2 - 11*a - 5. Let n(t) = 6*h(t) + 11*w(t). Give n(-5).
-1
Let l = 3 + 0. Let d = l - -2. Let b(o) = -d - o + 2 - 7. What is b(0)?
-10
Suppose 0 = -y - 6 + 1. Let h = y + -2. Let p = -5 - h. Let d(o) = 3*o - 1. Calculate d(p).
5
Let i(r) be the first derivative of 0*r**4 + 0*r + 0*r**5 + 1/120*r**6 - 1 + 1/2*r**2 - 3/2*r**3. Let u(c) be the second derivative of i(c). Give u(0).
-9
Let z(i) = 2*i + 3. Suppose -f = 5*a + f + 12, 2*f = 5*a + 28. Determine z(a).
-5
Let d(q) be the third derivative of 1/3*q**3 - 2*q**2 + 0*q + 1/24*q**4 + 0. Give d(2).
4
Suppose -4*v = -6*v + 2. Let f(x) = 5*x**3 - x**2. What is f(v)?
4
Let h(a) = -a**3 - 6*a**2 - 7. Let j(x) = -2*x + 14. Let g be j(10). Determine h(g).
-7
Let a be -1*(6 - 3)*1. Let z(m) = m**3 + 3*m**2 - 4*m. Give z(a).
12
Suppose -r + 1 + 5 = 0. Let d(j) = j**2 - 6*j - 3. Determine d(r).
-3
Let u(f) = f**3 - f**2 - f + 1. Let z(v) = 4*v**3 - 9*v**2 - v. Let p(i) = 5*u(i) - z(i). Calculate p(-5).
0
Let y(u) = -2 + 5*u**2 + 1 + 0 + 2*u. Let v = -2 - -5. Suppose -3*z - 2 = -5*z - v*f, 0 = -4*z + f + 4. Give y(z).
6
Suppose 4*t = 3*t. Suppose t = i + 4 - 1. Let z(r) = -r**3 - 5*r**2 - 2*r - 2. Give z(i).
-14
Suppose 4*s - 4 = -0*s. Let d be (1 + 1/(-2))*4. Let r(b) = 2 - d*b**2 + 1 - 3 - 1. What is r(s)?
-3
Let q(d) be the first derivative of d**2/2 - 7*d + 7. Let z(r) = -3*r - 1. Let m be z(-1). Let h be (2 - 2)/((-2)/m). Determine q(h).
-7
Let n(a) be the first derivative of -a**6/15 - a**4/24 - a**3/6 - a**2 + 1. Let t(q) be the second derivative of n(q). Give t(-1).
8
Let g = 0 + 3. Let n(r) = -3 - r**2 + 0*r**2 + 3*r - 2*r + g*r. Let v be n(2). Let d(s) = 5*s - 1. Give d(v).
4
Let k(f) be the thir